the remainder when 3548716 is divided by 443581?
68
What is the remainder when 421879 is divided by 42187?
9
Calculate the remainder when 556240 is divided by 349.
283
What is the remainder when 11652793 is divided by 3884254?
31
Calculate the remainder when 62988 is divided by 62417.
571
Calculate the remainder when 813243 is divided by 50679.
2379
What is the remainder when 58696 is divided by 58582?
114
What is the remainder when 1692579 is divided by 774?
615
What is the remainder when 500240 is divided by 125020?
160
What is the remainder when 4867725 is divided by 442519?
16
What is the remainder when 316156 is divided by 34788?
3064
What is the remainder when 1424025 is divided by 223?
170
Calculate the remainder when 10245547 is divided by 139.
135
What is the remainder when 316263 is divided by 45166?
101
What is the remainder when 4204776 is divided by 20?
16
Calculate the remainder when 84040 is divided by 40163.
3714
What is the remainder when 8670038 is divided by 18807?
11
What is the remainder when 2091033 is divided by 697001?
30
What is the remainder when 121850 is divided by 40449?
503
Calculate the remainder when 6480880 is divided by 2395.
10
What is the remainder when 715678239 is divided by 34?
33
What is the remainder when 103721912 is divided by 177606?
8
Calculate the remainder when 71661 is divided by 34738.
2185
Calculate the remainder when 546947 is divided by 136653.
335
Calculate the remainder when 83382 is divided by 106.
66
Calculate the remainder when 1063111 is divided by 62.
59
Calculate the remainder when 5396815 is divided by 83.
72
What is the remainder when 10278873 is divided by 631?
514
Calculate the remainder when 9440582 is divided by 109.
92
Calculate the remainder when 636807 is divided by 4135.
17
Calculate the remainder when 12721270 is divided by 50.
20
What is the remainder when 1077905 is divided by 18?
11
What is the remainder when 1758275 is divided by 5377?
5373
What is the remainder when 39703253 is divided by 254508?
5
What is the remainder when 375926 is divided by 187935?
56
Calculate the remainder when 3669245 is divided by 34.
33
What is the remainder when 725597 is divided by 486?
485
What is the remainder when 1825140 is divided by 1176?
1164
What is the remainder when 49858254 is divided by 63?
54
What is the remainder when 4854756 is divided by 3028?
872
What is the remainder when 1232814 is divided by 70?
44
What is the remainder when 49089586 is divided by 230?
226
What is the remainder when 15837982 is divided by 2443?
13
What is the remainder when 288198 is divided by 65?
53
Calculate the remainder when 817070 is divided by 683.
202
Calculate the remainder when 176283 is divided by 117.
81
Calculate the remainder when 7901 is divided by 1091.
264
Calculate the remainder when 23441982 is divided by 4048.
14
Calculate the remainder when 219504 is divided by 125.
4
What is the remainder when 16126 is divided by 5370?
16
What is the remainder when 78242928 is divided by 1778248?
16
Calculate the remainder when 230588 is divided by 48.
44
What is the remainder when 9326153 is divided by 493?
72
What is the remainder when 3857215 is divided by 1928607?
1
Calculate the remainder when 15338875 is divided by 72.
67
Calculate the remainder when 438265 is divided by 41.
16
What is the remainder when 44799173 is divided by 6472?
6461
What is the remainder when 441421 is divided by 5?
1
Calculate the remainder when 5034256 is divided by 308.
304
What is the remainder when 545843530 is divided by 39?
37
What is the remainder when 564780 is divided by 9?
3
What is the remainder when 14722 is divided by 349?
64
Calculate the remainder when 125858 is divided by 20892.
506
What is the remainder when 649127 is divided by 21631?
197
Calculate the remainder when 10830994 is divided by 33.
31
Calculate the remainder when 78575 is divided by 38881.
813
Calculate the remainder when 1170486 is divided by 194962.
714
Calculate the remainder when 9164260 is divided by 1390.
1380
What is the remainder when 116487096 is divided by 69?
54
What is the remainder when 2491832 is divided by 503?
473
Calculate the remainder when 9663164 is divided by 248.
92
What is the remainder when 2897072 is divided by 103?
94
What is the remainder when 279471 is divided by 30984?
615
What is the remainder when 1361700 is divided by 56?
4
Calculate the remainder when 2850080 is divided by 712507.
52
What is the remainder when 14546975 is divided by 4?
3
Calculate the remainder when 128137 is divided by 12752.
617
What is the remainder when 34218 is divided by 11174?
696
Calculate the remainder when 106371294 is divided by 2775.
2769
What is the remainder when 1050673 is divided by 52533?
13
What is the remainder when 387743 is divided by 1353?
785
Calculate the remainder when 19006666 is divided by 3167774.
22
What is the remainder when 1961368 is divided by 345?
43
Calculate the remainder when 309958 is divided by 44253.
187
Calculate the remainder when 7306243 is divided by 1022.
987
Calculate the remainder when 1566195 is divided by 1640.
1635
What is the remainder when 1997029 is divided by 92?
77
What is the remainder when 5499787 is divided by 1833262?
1
What is the remainder when 4028154 is divided by 1901?
1836
What is the remainder when 652218 is divided by 2383?
1659
What is the remainder when 2716779 is divided by 1746?
3
Calculate the remainder when 18326 is divided by 3380.
1426
Calculate the remainder when 155432 is divided by 9714.
8
What is the remainder when 129453 is divided by 1210?
1193
Calculate the remainder when 498572 is divided by 52.
48
Calculate the remainder when 109737496 is divided by 1766.
22
Calculate the remainder when 26804733 is divided by 111.
9
What is the remainder when 3316405 is divided by 52?
1
Calculate the remainder when 805343 is divided by 2404.
3
Calculate the remainder when 73965 is divided by 24274.
1143
Calculate the remainder when 72177 is divided by 2932.
1809
Calculate the remainder when 1025682 is divided by 146522.
28
Calculate the remainder when 21389086 is divided by 47.
44
What is the remainder when 57632304 is divided by 298?
296
What is the remainder when 68847 is divided by 34419?
9
Calculate the remainder when 765544 is divided by 191284.
408
Calculate the remainder when 110387601 is divided by 951617.
29
Calculate the remainder when 1669316 is divided by 5396.
1952
What is the remainder when 83763883 is divided by 1994378?
7
What is the remainder when 361911 is divided by 1932?
627
Calculate the remainder when 298906273 is divided by 75.
73
What is the remainder when 16133 is divided by 5363?
44
What is the remainder when 1839506 is divided by 459808?
274
What is the remainder when 103694 is divided by 103677?
17
What is the remainder when 7716 is divided by 2355?
651
What is the remainder when 11894604 is divided by 8075?
129
What is the remainder when 21101851 is divided by 10550880?
91
What is the remainder when 443368 is divided by 63321?
121
What is the remainder when 2676723 is divided by 89220?
123
Calculate the remainder when 39017 is divided by 232.
41
What is the remainder when 5451507 is divided by 260?
87
What is the remainder when 3793815 is divided by 26?
25
Calculate the remainder when 44061 is divided by 43893.
168
What is the remainder when 857227 is divided by 11903?
211
Calculate the remainder when 103501 is divided by 4908.
433
Calculate the remainder when 179863 is divided by 59931.
70
Calculate the remainder when 49693338 is divided by 93761.
8
Calculate the remainder when 250610261 is divided by 38.
33
Calculate the remainder when 45081 is divided by 14887.
420
Calculate the remainder when 3289850 is divided by 4410.
4400
What is the remainder when 57584 is divided by 7052?
1168
What is the remainder when 1656297 is divided by 551984?
345
Calculate the remainder when 33695 is divided by 583.
464
What is the remainder when 8780 is divided by 6231?
2549
What is the remainder when 660944 is divided by 163?
142
What is the remainder when 443020 is divided by 1359?
1345
What is the remainder when 3279265 is divided by 2349?
61
Calculate the remainder when 13927962 is divided by 12.
6
What is the remainder when 3233605 is divided by 3845?
380